-5)?
3
Let w(r) = 3*r**2 + 5*r - 6. Let k be w(-3). Suppose k*g - 820 - 914 = 0. What is the hundreds digit of g?
2
Let q(w) = -w**3 - 8*w**2 - 10*w - 11. Let y be q(-7). Let k(i) = 24*i**2 + 5*i**2 + 5*i + y - 4*i**2. What is the hundreds digit of k(-3)?
2
Let d(r) = -195*r**3 - 4*r**2 - 29*r - 113. What is the units digit of d(-5)?
7
Let u(s) = s**3 + 15*s**2 + 10*s + 18. Let h be u(-14). Suppose -z - h = -3. Let l = z - -255. What is the hundreds digit of l?
1
Suppose 3*h - 8 = 4*s, s - 9 = 3*h - 2. What is the tens digit of -698*h/8 - (-6)/(-2)?
4
Suppose -100*j + 124682 + 1845810 = -1241308. What is the thousands digit of j?
2
Let o = 305 + -176. Suppose o*q + 1126 = 131*q. What is the units digit of q?
3
Suppose -6*x + 3*x + 4*y = 8, -5*x = y - 25. Suppose 0 = x*g + 3*p - 1401, -3*g + 2*p = -0*g - 1072. What is the tens digit of g?
5
Suppose -25*s + 885 - 235 = 0. Suppose 0 = -s*p + 15*p + 7271. What is the units digit of p?
1
Suppose -2*r + 10349 = -2*d - 10953, -3*d = -18. What is the ten thousands digit of r?
1
What is the units digit of (-223049*2/(-18) - 494/2223) + -7?
6
Let n = -12 - -13. Suppose j - 4 + n = 0. Suppose -105 = -3*o - 3*m, -o + j*m = m - 32. What is the tens digit of o?
3
Let n(m) = 9*m**2 - 4*m + 1. Let k be n(1). Suppose -k*i = -550 - 2624. What is the tens digit of i?
2
Let r(q) be the second derivative of 21/2*q**2 - 6*q + 0 - 11/6*q**3. What is the units digit of r(-12)?
3
Suppose 0 = 1936*k - 1867*k - 3644580. What is the units digit of k?
0
Suppose 238 + 22 = 10*q. Suppose 13475 = -n + q*n. What is the hundreds digit of n?
5
Let i(q) = q**3 - 2*q**2 + 14*q - 9. Let c be i(3). Let o = 134 - c. What is the units digit of o?
2
Suppose 0 = 3*f - 3*d - 31563 + 150, -f + 4*d + 10462 = 0. What is the units digit of f?
4
Suppose 6*z - 42*z + 393300 = 0. Suppose 22*b = 47*b - z. What is the hundreds digit of b?
4
Suppose -4*a - 12 = 0, -3*f - 33*a - 27 = -30*a. What is the hundreds digit of (-497)/(((-36)/f)/(-6)) + -1?
4
Suppose -1521287 = -192*l + 187897. What is the tens digit of l?
0
Let r(x) = 126*x**2 + 28*x + 46. Let i be r(-2). Suppose 5*z + i = 5*a - 1091, 4*z - 302 = -a. What is the tens digit of a?
1
Let h = 4175 - 4068. What is the hundreds digit of h?
1
Let u = -1693 + 2410. Let i = u + -345. What is the tens digit of i?
7
Let c(h) = 502*h - 1028. What is the tens digit of c(15)?
0
Let z = 49 + -48. Let u(b) = -44*b**3 + 2 + 70*b**3 - b**2 - 1 + 69*b**3. What is the units digit of u(z)?
5
Suppose -8*s + 1934 = -2650. Let f = s + -247. What is the tens digit of f?
2
Suppose -46*r + 4441185 = 1697561. What is the thousands digit of r?
9
Suppose -30 + 6 = -4*a. Suppose -i + 2*g - 135 = -792, 2*g - 653 = -i. Suppose i = 4*r - 3*z + a*z, r = 2*z + 172. What is the hundreds digit of r?
1
Suppose -4*o - 5*t + 111 = 0, -o = -2*o - 3*t + 26. Suppose 0 = 5*g - 191 - 9. Let d = o + g. What is the units digit of d?
9
Let g(k) = 133*k + 9. Let d be g(2). Suppose -l - 3*a + 70 + d = 0, -1753 = -5*l - a. What is the hundreds digit of l?
3
Let u be (-6)/(1 + 309/(-303)). Suppose h + 3*h - 9 = 5*q, 0 = 4*q + 4*h. What is the hundreds digit of u - (-4 - q)*1?
3
Let u = 290 - 294. What is the tens digit of 4 - (-2 + (2 + u - 274))?
8
Suppose -c + 178 = 5*p, -302 = -2*c - 4*p + 30. Let y be (-165 - -160)*(1 + -3). What is the units digit of c/y - 1/(-5)?
6
Let g(b) = -21*b**2 - 30*b - 20. Let z be g(-8). Let f = z - -1766. What is the hundreds digit of f?
6
Let r = 2129 - 2062. Let s(h) = -66*h. Let c be s(-6). Suppose 0 = -r*l + 63*l + c. What is the units digit of l?
9
Let a = 74 - 70. Let q be (16/20)/(a/60). What is the hundreds digit of (q/(-9))/((-6)/909)?
2
Let k(t) = -t**2 + 2. Let m be k(-2). Let j be (m - 24/(-10))/((-16)/6080). What is the units digit of j/(-26) - -2 - (-6)/39?
8
Let j = -5 - -9. Let g be (-172)/(-3) - (-18)/27. What is the units digit of (8/j - 3)*1 + g?
7
Suppose -3*j - r + 3 = -1, -5*j = -3*r - 16. Suppose -12 + 4 = -j*h. Suppose 3*b - 98 = -a - a, 0 = h*b - 5*a - 169. What is the tens digit of b?
3
Suppose i = -2*u - 0*u + 8, -2*u - 2*i = -8. Suppose u*a - 4 = 4*l - 0*a, -l = 2*a + 7. What is the tens digit of (12/8)/(l/(-66))?
3
Let p(h) = -53*h + 97. Let f(d) = -52*d + 95. Let y(q) = 6*f(q) - 7*p(q). What is the tens digit of y(7)?
0
Let c = -4960 + 18312. What is the hundreds digit of c?
3
Let q(h) be the first derivative of -67*h**3/3 - h + 3. Let s be q(-1). Let b = -40 - s. What is the units digit of b?
8
Let h be 13 - 13 - (-185 - 1). Suppose j - h = -q, 2*j - 40 - 519 = -3*q. What is the hundreds digit of q?
1
Suppose -22*r = -27*r + 145. Suppose r*w - 58552 = -23*w. What is the tens digit of w?
2
Let r(m) = -2*m - 3. Let v(p) = 1. Let q(b) = r(b) + 4*v(b). Let n be q(0). What is the tens digit of (6 - 5)/(n + (-28)/29)?
2
Let y(b) = b**3 + 10*b**2 + 26*b + 5. Let m(i) = -i**3 - 7*i**2 - 5*i. Let j be m(-6). Let d be y(j). Let v(s) = -22*s - 51. What is the hundreds digit of v(d)?
1
Let j(w) = -34*w - 18. Let t = 125 + -144. What is the tens digit of j(t)?
2
Suppose 0 = -13*b + 96 + 255. Let i = 454 - b. What is the units digit of i?
7
Let g(h) = 477*h + 1766. What is the units digit of g(24)?
4
Suppose 0 = -162*l + 163*l - 2. Let q = l + 11. Suppose a = -5*v + 35, 3*a - 54 = v - q. What is the tens digit of a?
1
Let d(y) = -y**3 - 32*y**2 + 33*y - 69. What is the thousands digit of d(-34)?
1
Let o(g) = -g**3 + 11*g**2 - 2*g + 30. Let s be o(11). Suppose -10 = s*k - 6*k, -3*k + 1630 = 5*i. What is the tens digit of i?
2
What is the tens digit of 1/(1/(-4))*(27/12 - 7)?
1
Suppose -s - 922848 + 334384 = -9*j, -261496 = -4*j - 5*s. What is the hundreds digit of j?
3
Suppose 67*i - 74*i = -119. Let a = -67 + 101. Suppose 7*s - i = -3*f + 2*s, s - a = -4*f. What is the units digit of f?
9
Suppose 0*a - 22*a = 13*a - 418600. What is the units digit of a?
0
Let j(r) = -71*r + 17. Let z be j(2). Let l = 134 + z. What is the units digit of (-3)/l - (-2170)/21?
3
Suppose -23*o = -21*o - 4. Suppose o*r = 7*r - 300. Let j = r + 127. What is the units digit of j?
7
Let o(l) = 8*l**2 - 27*l - 82. Let x be o(-6). Let g = x + 772. What is the tens digit of g?
4
Let r = 35764 + -7764. What is the hundreds digit of r?
0
Let z be 131 - (-29 + -6)/(-5). Suppose 0 = -z*d + 138*d - 11620. What is the units digit of d?
0
What is the ten thousands digit of (5 + 1343/(-136))*-2248?
1
What is the units digit of (32736/9)/(16/48)?
2
Let b(h) = 713*h**2 - 124*h + 64. What is the units digit of b(-6)?
6
Suppose -29*z + 34*z = -5. Let w be -2 + 10 + (-1)/z. Let n = w + 121. What is the units digit of n?
0
Suppose -760235 = 3*j - 26*j - 6*j. What is the thousands digit of j?
6
Let x = -70 - -75. Let w(c) = 49*c + 17. Let g be w(x). Suppose 0*u + 2*u = g. What is the hundreds digit of u?
1
Let c(g) = -g**2 + 7*g + 18. Let z be c(9). Suppose -104 = -4*j - 4*p, 0 = 2*j - z*j + p - 55. What is the tens digit of j?
2
Let p(z) = 2*z**2 + 2. Let o be p(1). Suppose 2352 = o*d + 3*d. What is the tens digit of d?
3
Suppose -156 - 66 = -2*r. Let h(u) = 18*u - 467. Let g be h(37). Let v = g - r. What is the tens digit of v?
8
Suppose -u = -5*z + 1627, -7*z + 8*z - 4*u - 333 = 0. Suppose 0 = -o - 5*m + 168, 2*o - z = -0*o + m. What is the hundreds digit of o?
1
Let y(z) = -z**3 + 8*z**2 - 4*z + 74. Let k be y(0). Suppose 4*b + 1460 = 4*h, -k*h + 2*b = -78*h + 1484. What is the hundreds digit of h?
3
Suppose 1403*w + 1502259 = 1436*w. What is the units digit of w?
3
Let l be (-1)/((-12)/80) + (-10)/15. Let b(w) = 6*w**2 - 4*w + 16. Let n be b(7). Suppose -l*h - n = -1086. What is the units digit of h?
4
Let l(a) = -4121*a + 1393. What is the ten thousands digit of l(-6)?
2
Let h be (-1 - (4 - 4))/((-4)/6092). Suppose -2*k + 3*v = v - 1022, 3*k = v + h. What is the tens digit of k?
0
Suppose 2*f - 25 = -37. Let l(o) = -32*o + 16. What is the hundreds digit of l(f)?
2
Let y = -111 - -116. Suppose 3*c = y*o - 1264 + 25, o - 243 = 3*c. What is the hundreds digit of o?
2
Let s(v) = v**2 + 20*v + 24. Let d be s(-19). Let b(c) = 17*c**2 + 0*c**3 - 20*c**2 - d*c**3 + c**3 - c. What is the tens digit of b(-3)?
8
Suppose 4*m - 122*w - 2463 = -127*w, 4*w = 4*m - 2436. What is the hundreds digit of m?
6
Suppose -182*q - 56 = -189*q. Sup